t is 101101111001 - 1000?
101101110001
In base 8, what is 412252 + 4?
412256
In base 15, what is 9 - -18ae?
18b8
In base 4, what is 2210031 + -11?
2210020
In base 13, what is 5062 + 27?
5089
In base 2, what is -111100100000011 + -11?
-111100100000110
In base 7, what is -11306 + -3?
-11312
In base 7, what is -4052 - 5142?
-12224
In base 12, what is 116 + 37?
151
In base 8, what is 2 + -1200216?
-1200214
In base 11, what is 2 + -22451?
-2244a
In base 5, what is -144041 + 13?
-144023
In base 5, what is 20 - -2014242?
2014312
In base 8, what is 5 + 27461?
27466
In base 11, what is -25 + 257?
232
In base 14, what is 26b + 29?
296
In base 9, what is 8 + 26252?
26261
In base 15, what is -7d8 + -36?
-81e
In base 8, what is -32727 + -5?
-32734
In base 2, what is -100100101000100 + 10?
-100100101000010
In base 16, what is -29 + -544?
-56d
In base 11, what is 23 - 3529?
-3506
In base 5, what is 10110 + -13023?
-2413
In base 16, what is -1 - 1077?
-1078
In base 15, what is 4 + -3a?
-36
In base 8, what is 4526 - 1404?
3122
In base 5, what is -1111 - 4100?
-10211
In base 14, what is 18a644 + 0?
18a644
In base 8, what is -172610 - 0?
-172610
In base 14, what is -18bbc + 0?
-18bbc
In base 2, what is -1001 - 100000011001110?
-100000011010111
In base 12, what is -608 + -43?
-64b
In base 3, what is -110 - 2212221221?
-2212222101
In base 10, what is -11 + -17283?
-17294
In base 15, what is bb05 + 10?
bb15
In base 6, what is -131 + -324532?
-325103
In base 13, what is -3903 - -13?
-38c0
In base 3, what is 22 + -22110122211?
-22110122112
In base 13, what is -2015 - -1?
-2014
In base 7, what is 211 - -413?
624
In base 7, what is -206 - 263?
-502
In base 12, what is 1a642 - 2a?
1a614
In base 7, what is -240611 + 25?
-240553
In base 14, what is -73 - b3b?
-bb0
In base 14, what is 222b5 + -5?
222b0
In base 14, what is 28 + 56a?
594
In base 13, what is -32b + -2?
-330
In base 12, what is -3a746 - -4?
-3a742
In base 10, what is 14 + -2457?
-2443
In base 15, what is b - 1b076?
-1b06a
In base 3, what is -2222121122210 - 12?
-2222121122222
In base 7, what is 13 - -4326?
4342
In base 8, what is -573262 - -2?
-573260
In base 10, what is -2 + -27955?
-27957
In base 11, what is -53769 + -3?
-53771
In base 13, what is 3 + c7b11?
c7b14
In base 2, what is -1000100111 - -1010000100?
1011101
In base 12, what is 1702054 - 3?
1702051
In base 14, what is 14db2 + -6?
14daa
In base 8, what is 0 + 10470?
10470
In base 2, what is 110010 + -11100110000?
-11011111110
In base 7, what is -4 - -51010?
51003
In base 6, what is -2213 + 4?
-2205
In base 7, what is 30 - -12435?
12465
In base 2, what is 1010101101000 + -100?
1010101100100
In base 9, what is -20707 - 83?
-20801
In base 16, what is -1ad + 5f?
-14e
In base 5, what is -1000 + -12230?
-13230
In base 13, what is 49b + -528?
-5a
In base 8, what is 14450 - 155?
14273
In base 10, what is -876 - 42?
-918
In base 12, what is 187b3 + -4?
187ab
In base 13, what is -5 - -375b?
3756
In base 9, what is 188 - -2885?
3184
In base 3, what is -101 - 111102122102?
-111102122210
In base 6, what is 11 - 354040?
-354025
In base 15, what is 13 - -803?
816
In base 8, what is 3 + 272252?
272255
In base 9, what is -13 + -12346?
-12360
In base 11, what is -6 - -143775?
14376a
In base 15, what is 1623 + -1?
1622
In base 4, what is 320000 - -2033?
322033
In base 7, what is 253326 + 62?
253421
In base 12, what is -4 + -b632?
-b636
In base 3, what is -1200 - -1011121?
1002221
In base 16, what is -14a8 - -1e6?
-12c2
In base 14, what is 224 + -80d?
-5c9
In base 7, what is -35016 + -40?
-35056
In base 16, what is 724 + -1e?
706
In base 8, what is 4 + 36564?
36570
In base 7, what is 12035623 - -1?
12035624
In base 9, what is -2 + -140037?
-140040
In base 11, what is -11 - -27677?
27666
In base 13, what is -1121b5 + -3?
-1121b8
In base 6, what is 10 - 3521042?
-3521032
In base 13, what is -51 - -a?
-44
In base 8, what is 2 - -123515?
123517
In base 8, what is -3 - -4266550?
4266545
In base 14, what is 51 + 330?
381
In base 11, what is -4 + -8362?
-8366
In base 6, what is 4 - -55110?
55114
In base 3, what is 1011001101210 - -10?
1011001101220
In base 13, what is -41 - 3cb6?
-4027
In base 4, what is 132 - 133323?
-133131
In base 15, what is b + 3e58?
3e64
In base 2, what is -10101010 - 10001010?
-100110100
In base 5, what is -1440 + -321014?
-323004
In base 15, what is -226 + -d5?
-30b
In base 3, what is -111222221 + 10?
-111222211
In base 12, what is -28a + -12a?
-3b8
In base 2, what is -11011101101100 + -100?
-11011101110000
In base 2, what is -110100010001110100100 + -1?
-110100010001110100101
In base 6, what is -14 + -2532?
-2550
In base 8, what is 322101 + -3?
322076
In base 16, what is c7d + 1c?
c99
In base 11, what is -3a12 - -a?
-3a03
In base 5, what is 21413434 - 21?
21413413
In base 12, what is -3 + -1077?
-107a
In base 10, what is -1728271 + 5?
-1728266
In base 5, what is 20 - -2104114?
2104134
In base 2, what is -10111001001101111100 - -11?
-10111001001101111001
In base 5, what is 12343303 - 10?
12343243
In base 16, what is -210 + -19?
-229
In base 3, what is -11 + 1121210?
1121122
In base 5, what is -2230132 - -4?
-2230123
In base 13, what is 1 + 6764?
6765
In base 16, what is c6 - -d?
d3
In base 8, what is -256 + 4056?
3600
In base 2, what is -110110101 - 1001000101?
-1111111010
In base 6, what is -2013 - -552?
-1021
In base 6, what is -150 - 5110?
-5300
In base 14, what is -5 + 6439?
6434
In base 4, what is -102031031 + -1?
-102031032
In base 13, what is 0 + -109b2?
-109b2
In base 4, what is -3120 - 32131?
-101311
In base 12, what is b + -3a857?
-3a848
In base 5, what is 4 - 1022310?
-1022301
In base 8, what is -22360 - -3?
-22355
In base 4, what is 110321023 + -2?
110321021
In base 16, what is 14c2f4 + -2?
14c2f2
In base 7, what is 101106 + 2?
101111
In base 10, what is -1 - 93910?
-93911
In base 16, what is 77fc - 9?
77f3
In base 9, what is 3 + 7605?
7608
In base 13, what is 872 - 5?
86a
In base 6, what is -2540143 + 2?
-2540141
In base 4, what is 101332 - -233?
102231
In base 11, what is 3 + -11956?
-11953
In base 15, what is 59b4c + 0?
59b4c
In base 7, what is 41124 - -20?
41144
In base 10, what is 5 + 54042?
54047
In base 16, what is -58 + 125?
cd
In base 8, what is -274736 - 5?
-274743
In base 13, what is -3ac9 + 4?
-3ac5
In base 9, what is 25075 - -548?
25634
In base 6, what is 10303401 - 10?
10303351
In base 4, what is 12120 - 1101?
11013
In base 5, what is -2 - -403?
401
In base 7, what is 0 + -41654?
-41654
In base 15, what is 38 + -13ba?
-1382
In base 14, what is 5 - -57b7?
57bc
In base 12, what is 8 + -802?
-7b6
In base 8, what is 1212 + 343?
1555
In base 8, what is -211554 - -4?
-211550
In base 5, what is -11 - -10220?
10204
In base 6, what is 20330342 - -1?
20330343
In base 14, what is -9d8c3 - 0?
-9d8c3
In base 10, what is -5 - 10369?
-10374
In base 12, what is -4174b4 - -4?
-4174b0
In base 2, what is 1 - 111101110000?
-111101101111
In base 11, what is 4 - 3298aa?
-3298a6
In base 15, what is -1e156 - 4?
-1e15a
In base 6, what is -14334041 - 2?
-14334043
In base 8, what is -4 - 403143?
-403147
In base 16, what is -16d581 - -1?
-16d580
In base 9, what is -7554826 - -3?
-7554823
In base 2, what is 10001000 + -10111111111?
-10101110111
In base 3, what is -110211210 - 1?
-110211211
In base 11, what is -14539 - 1?
-1453a
In base 14, what is 4b8 + 35?
50d
In base 10, what is 788 - -37?
825
In base 5, what is -102203323 - 2?
-102203330
In base 16, what is -18bab - -5?
-18ba6
In base 9, what is 1875 + -1776?
88
In base 15, what is -4d9 + 125?
-3b4
In base 15, what is -2 - a0bb?
-a0bd
In base 11, what is -5 - -7a004?
79aaa
In base 13, what is 5b - -8b44?
8ba2
In base 15, what is -260 - -58?
-207
In base 10, what is 4595 + 44?
4639
In base 16, what is 1 - -d9a9?
d9aa
In base 14, what is -28 + 1a0?
176
In base 13, what is -318c5 - -3?
-318c2
In base 4, what is -13102311300 - -2?
-13102311232
In base 2, what is 11010010 + 100010000?
111100010
In base 13, what is -5 + -7a02?
-7a07
In base 6, what is -101 + 344?
243
In base 12, what is -2 + 2a3b?
2a39
In base 5, what is -344 + 410?
11
In base 7, what is 453 + 36?
522
In base 12, what is 1301 + -12?
12ab
In base 9, what is -114 - 118?
-233
In base 11, what is 181613 + -17?
1815a7
In base 4, what is -122